1?
3, 7, 3061
What are the prime factors of 163343?
19, 8597
What are the prime factors of 3613?
3613
List the prime factors of 17501.
11, 37, 43
List the prime factors of 94576.
2, 23, 257
What are the prime factors of 5008?
2, 313
List the prime factors of 764.
2, 191
What are the prime factors of 4229?
4229
What are the prime factors of 6276?
2, 3, 523
List the prime factors of 2292.
2, 3, 191
List the prime factors of 59254.
2, 13, 43, 53
List the prime factors of 1444.
2, 19
List the prime factors of 74599.
7, 10657
What are the prime factors of 1570?
2, 5, 157
List the prime factors of 68560.
2, 5, 857
What are the prime factors of 1299?
3, 433
List the prime factors of 1701.
3, 7
List the prime factors of 44615.
5, 8923
List the prime factors of 20.
2, 5
What are the prime factors of 23590?
2, 5, 7, 337
What are the prime factors of 59?
59
What are the prime factors of 17284?
2, 29, 149
What are the prime factors of 10441?
53, 197
What are the prime factors of 709?
709
List the prime factors of 48466.
2, 11, 2203
What are the prime factors of 4761?
3, 23
List the prime factors of 191194.
2, 95597
List the prime factors of 11419.
19, 601
What are the prime factors of 11715?
3, 5, 11, 71
List the prime factors of 29383.
29383
List the prime factors of 975.
3, 5, 13
What are the prime factors of 6578?
2, 11, 13, 23
List the prime factors of 3244.
2, 811
List the prime factors of 2993.
41, 73
List the prime factors of 3308.
2, 827
List the prime factors of 7490.
2, 5, 7, 107
What are the prime factors of 9039?
3, 23, 131
List the prime factors of 142521.
3, 47507
What are the prime factors of 4997?
19, 263
List the prime factors of 56242.
2, 61, 461
What are the prime factors of 310?
2, 5, 31
List the prime factors of 1327.
1327
List the prime factors of 11228.
2, 7, 401
List the prime factors of 3409.
7, 487
List the prime factors of 40906.
2, 113, 181
List the prime factors of 28946.
2, 41, 353
What are the prime factors of 52362?
2, 3, 2909
List the prime factors of 3092.
2, 773
List the prime factors of 1962.
2, 3, 109
List the prime factors of 71501.
127, 563
List the prime factors of 703.
19, 37
What are the prime factors of 597?
3, 199
List the prime factors of 5462.
2, 2731
List the prime factors of 47898.
2, 3, 887
List the prime factors of 152.
2, 19
What are the prime factors of 1724?
2, 431
What are the prime factors of 153?
3, 17
List the prime factors of 66106.
2, 33053
List the prime factors of 676.
2, 13
List the prime factors of 15380.
2, 5, 769
List the prime factors of 12234.
2, 3, 2039
List the prime factors of 2466.
2, 3, 137
What are the prime factors of 8909?
59, 151
List the prime factors of 7833.
3, 7, 373
List the prime factors of 1083.
3, 19
What are the prime factors of 21840?
2, 3, 5, 7, 13
List the prime factors of 162004.
2, 101, 401
List the prime factors of 29091.
3, 9697
What are the prime factors of 2775?
3, 5, 37
What are the prime factors of 1354?
2, 677
List the prime factors of 103804.
2, 25951
List the prime factors of 8748.
2, 3
List the prime factors of 1510.
2, 5, 151
What are the prime factors of 990?
2, 3, 5, 11
List the prime factors of 14799.
3, 4933
List the prime factors of 1127.
7, 23
What are the prime factors of 2896?
2, 181
List the prime factors of 7993.
7993
List the prime factors of 1918.
2, 7, 137
What are the prime factors of 1695?
3, 5, 113
List the prime factors of 14264.
2, 1783
What are the prime factors of 135?
3, 5
What are the prime factors of 10154?
2, 5077
What are the prime factors of 3827?
43, 89
What are the prime factors of 16496?
2, 1031
What are the prime factors of 90763?
17, 19, 281
List the prime factors of 40755.
3, 5, 11, 13, 19
List the prime factors of 4779.
3, 59
What are the prime factors of 31638?
2, 3, 5273
List the prime factors of 5411.
7, 773
List the prime factors of 2960.
2, 5, 37
What are the prime factors of 1305?
3, 5, 29
List the prime factors of 1418.
2, 709
What are the prime factors of 6752?
2, 211
What are the prime factors of 40759?
40759
What are the prime factors of 695?
5, 139
What are the prime factors of 1763?
41, 43
What are the prime factors of 681?
3, 227
What are the prime factors of 4474?
2, 2237
What are the prime factors of 83?
83
List the prime factors of 9173.
9173
List the prime factors of 105.
3, 5, 7
What are the prime factors of 142?
2, 71
List the prime factors of 275.
5, 11
What are the prime factors of 38595?
3, 5, 31, 83
List the prime factors of 3755.
5, 751
List the prime factors of 4259.
4259
What are the prime factors of 12558?
2, 3, 7, 13, 23
List the prime factors of 1545.
3, 5, 103
What are the prime factors of 73202?
2, 17, 2153
List the prime factors of 4875.
3, 5, 13
What are the prime factors of 93271?
19, 4909
What are the prime factors of 23485?
5, 7, 11, 61
List the prime factors of 351.
3, 13
What are the prime factors of 59?
59
What are the prime factors of 836?
2, 11, 19
What are the prime factors of 389?
389
List the prime factors of 41.
41
List the prime factors of 3948.
2, 3, 7, 47
What are the prime factors of 77632?
2, 1213
List the prime factors of 1049.
1049
List the prime factors of 182.
2, 7, 13
List the prime factors of 3377.
11, 307
List the prime factors of 108131.
108131
What are the prime factors of 76786?
2, 38393
What are the prime factors of 4465?
5, 19, 47
List the prime factors of 90.
2, 3, 5
What are the prime factors of 2651?
11, 241
What are the prime factors of 12102?
2, 3, 2017
What are the prime factors of 36174?
2, 3, 6029
What are the prime factors of 14165?
5, 2833
What are the prime factors of 1829?
31, 59
What are the prime factors of 18845?
5, 3769
List the prime factors of 5558.
2, 7, 397
List the prime factors of 29499.
3, 9833
What are the prime factors of 1493?
1493
What are the prime factors of 3354?
2, 3, 13, 43
List the prime factors of 14473.
41, 353
List the prime factors of 911.
911
List the prime factors of 25752.
2, 3, 29, 37
What are the prime factors of 2465?
5, 17, 29
List the prime factors of 987.
3, 7, 47
What are the prime factors of 524?
2, 131
List the prime factors of 21983.
13, 19, 89
What are the prime factors of 114?
2, 3, 19
List the prime factors of 824.
2, 103
What are the prime factors of 2046?
2, 3, 11, 31
What are the prime factors of 26396?
2, 6599
List the prime factors of 4405.
5, 881
List the prime factors of 12831.
3, 7, 13, 47
List the prime factors of 9129.
3, 17, 179
List the prime factors of 113612.
2, 28403
List the prime factors of 913.
11, 83
List the prime factors of 708.
2, 3, 59
What are the prime factors of 1627?
1627
What are the prime factors of 164?
2, 41
What are the prime factors of 7820?
2, 5, 17, 23
List the prime factors of 89754.
2, 3, 7, 2137
What are the prime factors of 1855?
5, 7, 53
List the prime factors of 355.
5, 71
List the prime factors of 25127.
25127
List the prime factors of 42765.
3, 5, 2851
List the prime factors of 1955.
5, 17, 23
List the prime factors of 1725.
3, 5, 23
List the prime factors of 1520.
2, 5, 19
What are the prime factors of 57653?
57653
List the prime factors of 1867.
1867
What are the prime factors of 29224?
2, 13, 281
List the prime factors of 8299.
43, 193
What are the prime factors of 1445?
5, 17
List the prime factors of 78780.
2, 3, 5, 13, 101
What are the prime factors of 76820?
2, 5, 23, 167
List the prime factors of 26898.
2, 3, 4483
List the prime factors of 386.
2, 193
List the prime factors of 14399.
7, 11, 17
List the prime factors of 4073.
4073
List the prime factors of 2418.
2, 3, 13, 31
List the prime factors of 6123.
3, 13, 157
List the prime factors of 32249.
7, 17, 271
List the prime factors of 504.
2, 3, 7
What are the prime factors of 87412?
2, 13, 41
List the prime factors of 10226.
2, 5113
What are the prime factors of 85216?
2, 2663
List the prime factors of 3727.
3727
List the prime factors of 1223.
1223
What are the prime factors of 24869?
13, 1913
List the prime factors of 1653.
3, 19, 29
List the prime factors of 3221.
3221
List the prime factors of 1724.
2, 431
What are the prime factors of 23304?
2, 3, 971
What are the prime factors of 2533?
17, 149
List the prime factors of 39416.
2, 13, 379
What are the prime factors of 1803?
3, 601
List the prime facto